-s*m + 14 = -x*m. What is the greatest common divisor of 126 and m?
14
Let h(y) be the second derivative of 29*y**4/12 + 2*y**3/3 - 3*y**2/2 - 2*y. Let w be h(2). Calculate the greatest common factor of 11 and w.
11
Suppose -5 - 27 = -2*y. Calculate the highest common divisor of 24 and y.
8
Let z = -3 + 26. Suppose -2*p + 3*j = j - 4, -4*p + z = -j. Calculate the highest common factor of 63 and p.
7
Suppose -2*x = 5*u + 3*x - 10, -2*x = 5*u - 25. Calculate the greatest common divisor of u and 28.
7
Let i(t) = -t**3 + 5*t**2 + 8*t. Let o be i(6). Calculate the greatest common factor of o and 32.
4
Let a(o) = o**3 - 2*o**2 + 3*o - 2. Let l be a(2). Suppose q - 5 = -l. What is the highest common factor of q and 4?
1
Suppose 5*q + 90 + 75 = 0. Let i be (-15)/(2 - q/(-12)). What is the greatest common factor of i and 2?
2
Suppose -3*g = -3*r - 6, 21 = 5*g - 4. What is the greatest common divisor of 6 and r?
3
Suppose -3*q + 4 = q + h, 3*h = -2*q + 2. Suppose 0 = 4*k - 7 - q. Suppose k*z + z = 72. What is the greatest common factor of z and 8?
8
Suppose -6*p = -p + 20. Let f(c) = c**2 + 4*c + 2. Let o be f(p). Calculate the highest common factor of 16 and o.
2
Let k = 22 - 5. Suppose -4*j + k = 9. Let z(b) = -b**3 + 2*b**2 - b + 1. Let t be z(1). Calculate the highest common factor of j and t.
1
Let d = 1 + 1. Suppose -t = d*t - 189. What is the greatest common factor of t and 9?
9
Suppose 4*q - 125 + 21 = 0. Suppose g + 113 = 3*s, -3 = -s + 2*g + 28. Calculate the highest common divisor of q and s.
13
Let f be 2/(-6)*-3 + (3 - -29). Suppose 5*w - 2*u = -6*u + 3, -w - 2*u - 3 = 0. Calculate the highest common factor of w and f.
3
Suppose 47 = -3*c + 3*g + 8, -2*g - 22 = 4*c. Let t = 12 + c. Let o be t*1 + 0/1. What is the highest common factor of o and 4?
4
Let p(l) = -l**2 - 6*l + 9. Let q be p(-8). Let c(t) = -t - 1. Let y be c(q). Let v = y + -5. Calculate the highest common divisor of 8 and v.
1
Suppose 4*o = -0*x - x + 281, 0 = 4*o + 4*x - 284. Let w = -2 - -3. Let a be -2 - w - -2 - -11. What is the highest common factor of a and o?
10
Suppose -4*r + 39 = -9. Let p = -75 + 79. What is the highest common divisor of r and p?
4
Let p(m) = m**3 - 5*m**2 - 5*m + 1. Let r be p(6). Let w be (-6)/(-2 - (-53)/28). What is the greatest common divisor of w and r?
7
Suppose 5*v - 190 = -2*w, -3*v + 2 = w - 111. What is the highest common factor of 24 and v?
12
Suppose 5*n - 16 = n, 2*n - 23 = -3*p. Suppose -t - 149 = -0*a - 3*a, -p*a + t + 245 = 0. Calculate the greatest common divisor of a and 12.
12
Suppose 5*y + 115 = 3*c, 0 = 4*c + 5*y - 137 - 28. Let p = c + -18. Let g = 115 + -60. Calculate the greatest common factor of g and p.
11
Suppose 6 = i - 19. Calculate the greatest common factor of 225 and i.
25
Suppose -5*k + 2 = -2*t, -2*k = 5*t - t - 20. Suppose -t*x + 50 = -10. What is the highest common factor of x and 5?
5
Let d(c) = 44*c. Let k be d(5). Calculate the highest common divisor of 20 and k.
20
Let t(z) = -z**3 - 11*z**2 + 9*z + 2. Let f(j) = j - 23. Let o be f(11). Let n be t(o). Calculate the highest common divisor of n and 19.
19
Suppose 5*m + 40 = 10*m. Let g be 2/(1 + 2/(-6)). Suppose 2*c = -g + 43. Calculate the highest common divisor of m and c.
4
Suppose -5*r - 174 = 4*k, 4*r + 135 = -k + 2*k. Let y = r - -47. What is the highest common divisor of y and 65?
13
Let b(n) = -4*n - 5. Let c be b(-5). Let r be 1*(1 + 0)*-71. Let m = 116 + r. What is the highest common divisor of c and m?
15
Suppose 5*b + 2*b - 588 = 0. What is the highest common factor of b and 42?
42
Let s(d) = -d + 20. Let c be s(6). Calculate the highest common divisor of c and 21.
7
Suppose -15*n = -16*n + 38. Suppose 0 = a + a - 38. Calculate the greatest common factor of a and n.
19
Let b(s) = 12*s**2 + s - 4. Let a be b(-2). What is the greatest common factor of 6 and a?
6
Suppose -u - 2*b = -10, 4*b - 9 = -5. Calculate the highest common factor of u and 104.
8
Let w = 80 + 45. Suppose -3*k = -4*k + 1, -5*k - 20 = -c. Calculate the greatest common factor of w and c.
25
Let u = -15 - -19. Calculate the greatest common divisor of 10 and u.
2
Let d be (1 + 1/5)/((-4)/(-10)). What is the greatest common factor of d and 24?
3
Suppose 12*c = 8*c + 44. What is the highest common factor of c and 77?
11
Let s = 111 - 55. Suppose 6*l = l - v - 89, l + 4*v = -14. Let y = -10 - l. Calculate the highest common divisor of y and s.
8
Let n be 29 - (1*-5 - 8/(-2)). Calculate the greatest common factor of 10 and n.
10
Let n(k) = k - 8. Let d be n(0). Let b(q) = -q**2 - 13*q. Let l be b(d). Suppose 0 = -u + 10 - 2. Calculate the highest common divisor of u and l.
8
Suppose 2*u - 12 = -2. Suppose -3*f - 2*f + u = 0. Calculate the greatest common factor of f and 2.
1
Let x = 17 + -3. Calculate the highest common factor of x and 56.
14
Let m = 3051 + -1770. Let p be (-6)/8 - m/(-28). What is the highest common factor of p and 9?
9
Let z(f) = f - 19. Let j be z(13). Let s = -2 - j. Calculate the greatest common divisor of 28 and s.
4
Let t be ((-2)/6)/(4/(-36)). Suppose -2*w - 5*q = -80, w - t*q = 21 - 3. What is the highest common factor of w and 6?
6
Let a = 199 - 59. What is the highest common factor of 56 and a?
28
Let l = 46 - -30. Let o(m) = m + 5. Let x be o(-3). Suppose -x*w = -4*r - 50, -r - 2*r - 28 = -w. Calculate the highest common divisor of w and l.
19
Suppose -8 - 4 = 3*r, 5*r = 4*l - 148. What is the greatest common divisor of 48 and l?
16
Let t(x) = x**3 + 9*x**2 - 24*x - 16. Let w be t(-11). Calculate the highest common divisor of w and 3.
3
Let r = -3 + 7. Suppose 4 + 11 = 3*l. Let j be (-2)/l - 12/(-5). What is the highest common factor of j and r?
2
Let m(q) = 2*q**2 + 8*q + 1. Let v be m(-5). Calculate the highest common divisor of v and 55.
11
Suppose 2*c - 14 = -0*c. Suppose -60 = -c*p + 4*p. Let k = -5 - -9. What is the greatest common factor of k and p?
4
Let f(l) = 4*l + 2. Let r be f(2). What is the greatest common factor of 25 and r?
5
Let q(r) = -r + 3. Let l be q(7). Let v be (5/(-4))/((-1)/l). Let b(c) = -c - 2. Let z be b(v). What is the highest common divisor of z and 33?
3
Suppose 3*c = -0*c + 90. Calculate the highest common factor of 15 and c.
15
Suppose -5*f = -3*a - 23, -a = f + 2*a - 1. Let x be 61/f - 1/4. What is the highest common factor of x and 5?
5
Suppose -f + 28 + 12 = 0. Let y be 8/(0 - (-4)/8). Calculate the highest common divisor of y and f.
8
Let p(w) be the second derivative of -w**3/3 + w**2 - w. Let c be p(-3). What is the highest common divisor of c and 8?
8
Suppose -36 = 5*y - 3*i, 2*i = -2*y + 3*i - 14. Let f = 2 + y. Let h be (-340)/(-6) + f/6. Calculate the highest common factor of 7 and h.
7
Let n(m) = 1 + m**2 - 2*m**2 + m**2 + 7*m**2. Suppose 0 = -4*q - 0*k - 3*k + 5, -14 = 2*q - 4*k. Let x be n(q). Calculate the highest common divisor of x and 8.
8
Let h(f) = -4*f - 14. Let y be h(-8). What is the greatest common factor of 12 and y?
6
Let m(f) = f + 8. Let v be m(-6). Suppose v*a - 18 = -a. Suppose -45 = q - a*q. Calculate the highest common divisor of q and 99.
9
Let j = 185 + -495. Let r = -214 - j. What is the highest common factor of 12 and r?
12
Suppose -11 = -5*i + 2*j, j = -3*i + 6*j - 1. Suppose -6*t + 42 = -i*t. What is the highest common divisor of 42 and t?
14
Suppose -18*d + 13*d = -400. Calculate the highest common divisor of 120 and d.
40
Let v be (-424)/(-10) - 2/25*5. Calculate the highest common factor of 105 and v.
21
Let p be (-2)/(-4)*(4 - 2). Calculate the greatest common divisor of 1 and p.
1
Let o = -6 + 47. Let x be (o - 3)/2 - 1. What is the greatest common factor of x and 2?
2
Suppose 0 = -2*o + l, o + 6*l = 2*l. Suppose o = -4*v - v. Suppose w + 0 - 14 = v. Calculate the greatest common divisor of w and 21.
7
Let w = 3 - 0. Let c be (18 - w)*2/3. Suppose 2*d = c, -4*k - 5*d + 10*d - 1 = 0. Calculate the greatest common divisor of 12 and k.
6
Let s be (-680)/(-32) + 15/(-12). Let n = 2 + 3. What is the highest common divisor of s and n?
5
Let z(n) = 29*n + 17. Let x be (-4)/(-1)*(-21)/(-12). Let l be z(x). What is the highest common factor of 20 and l?
20
Let d(i) = 4*i**3 + 2. Let t(u) = 4 + u**3 - 5 - 5*u**3. Let f be t(-1). Let p be d(f). Calculate the highest common divisor of 10 and p.
